Is 144 a factor of 35587872?
True
Is 112 a factor of 20795742?
False
Does 25 divide 154224625?
True
Does 1945 divide 2178818175?
True
Is 1470367141 a multiple of 10?
False
Is 22 a factor of 6431864111?
False
Is 171187314 a multiple of 6?
True
Is 62394054 a multiple of 1199?
False
Does 189 divide 83402935?
False
Is 3405994 a multiple of 87?
False
Is 65 a factor of 530871315?
True
Is 286011804 a multiple of 2262?
True
Is 7 a factor of 214315850?
True
Is 3 a factor of 525977363?
False
Is 53889760 a multiple of 14?
False
Does 23 divide 71749057?
False
Does 18 divide 3536033?
False
Does 34 divide 6344604?
True
Is 9169257 a multiple of 282?
False
Is 4017531 a multiple of 3?
True
Does 3250 divide 745090803?
False
Does 448 divide 25525038?
False
Does 750 divide 16483374?
False
Is 72 a factor of 258260810?
False
Is 2113 a factor of 2001325433?
False
Does 61 divide 221105419?
True
Is 1454044698 a multiple of 17?
False
Does 5942 divide 115791754?
True
Is 69 a factor of 135575236?
False
Is 426178872 a multiple of 392?
True
Is 22 a factor of 58569786?
True
Is 185 a factor of 9234275?
True
Does 1905 divide 39046785?
True
Does 10 divide 9706?
False
Does 1226 divide 109840108?
False
Is 87953760 a multiple of 480?
True
Is 41 a factor of 647908157?
False
Is 203 a factor of 1044255352?
False
Is 10 a factor of 71672122?
False
Is 1286 a factor of 983377194?
True
Is 615265 a multiple of 119?
False
Is 10 a factor of 38951366?
False
Does 189 divide 1118786235?
False
Is 38 a factor of 80913453?
False
Is 6 a factor of 247653274?
False
Does 28 divide 911128011?
False
Is 70 a factor of 156349484?
False
Is 197 a factor of 78216661?
False
Is 54344046 a multiple of 244?
False
Is 352 a factor of 32650112?
True
Does 276 divide 557314310?
False
Is 771505858 a multiple of 1716?
False
Does 12 divide 358522248?
True
Is 212 a factor of 2695243150?
False
Does 38 divide 126667862?
False
Is 187049205 a multiple of 855?
True
Is 15450456 a multiple of 4?
True
Does 20 divide 268252500?
True
Is 260470377 a multiple of 2073?
True
Is 8358228 a multiple of 59?
False
Does 18 divide 78072876?
True
Does 3026 divide 1102622958?
True
Is 11323990 a multiple of 62?
True
Is 2689586362 a multiple of 53?
False
Is 468 a factor of 108841356?
True
Is 544968498 a multiple of 2459?
True
Does 12 divide 7761643740?
True
Is 41 a factor of 51124909?
True
Is 149 a factor of 2001705126?
False
Does 1467 divide 528627582?
True
Is 168372912 a multiple of 3732?
True
Is 171 a factor of 504898020?
True
Is 866 a factor of 20975264?
False
Is 7 a factor of 149642969?
True
Is 118950950 a multiple of 10?
True
Is 129881627 a multiple of 84?
False
Is 78788587 a multiple of 8?
False
Is 6 a factor of 61407326?
False
Does 931 divide 4928950180?
False
Is 147 a factor of 65580492?
False
Does 12 divide 1584004834?
False
Is 1415 a factor of 241953648?
False
Is 119 a factor of 144255319?
False
Does 195 divide 305112137?
False
Is 4 a factor of 5066684?
True
Is 10 a factor of 6007282?
False
Is 35355597 a multiple of 587?
True
Does 3994 divide 3116488521?
False
Is 428043420 a multiple of 126?
True
Is 5 a factor of 8262644?
False
Is 5 a factor of 1098451438?
False
Is 6103474515 a multiple of 7817?
True
Does 45 divide 26056969?
False
Does 3366 divide 397763586?
True
Does 4 divide 164193360?
True
Does 364 divide 18542524?
True
Does 1502 divide 16688722?
True
Is 18 a factor of 699822450?
True
Is 100 a factor of 51963034?
False
Is 27 a factor of 29483466?
False
Is 534853279 a multiple of 12?
False
Is 144 a factor of 602623728?
True
Does 247 divide 255297406?
False
Does 57 divide 1621422?
True
Is 250325025 a multiple of 25?
True
Does 525 divide 16648344?
False
Does 233 divide 43812838?
False
Does 158 divide 1252518049?
False
Is 8 a factor of 42693976?
True
Does 2070 divide 131677728?
False
Does 36 divide 698933124?
True
Is 31469114 a multiple of 17?
False
Is 122854519 a multiple of 1063?
False
Does 2671 divide 1551109235?
False
Is 874 a factor of 933169800?
True
Is 8 a factor of 139182510?
False
Is 26 a factor of 273860277?
False
Does 308 divide 7285527?
False
Does 11 divide 39213427?
True
Is 9118846 a multiple of 1168?
False
Does 19 divide 907753481?
True
Does 43 divide 22537977?
True
Is 1432 a factor of 965964192?
True
Is 134828976 a multiple of 1902?
True
Is 13 a factor of 24259210?
False
Is 39 a factor of 507772200?
True
Is 28 a factor of 2345433910?
False
Does 3904 divide 884574813?
False
Does 1180 divide 261830200?
True
Is 1585217981 a multiple of 32?
False
Is 1715 a factor of 386176840?
True
Does 649 divide 30778176?
True
Is 47 a factor of 2897590?
False
Does 152 divide 40264860?
False
Does 5822 divide 3729324336?
False
Does 122 divide 75534836?
True
Does 3 divide 38711169?
True
Is 21428738 a multiple of 422?
True
Is 5 a factor of 70468209?
False
Does 136 divide 1832020146?
False
Does 34 divide 69837202?
False
Is 60 a factor of 185047987?
False
Is 33 a factor of 23472513?
False
Is 244 a factor of 191265305?
False
Is 1166 a factor of 1214281514?
False
Is 199 a factor of 118834243?
True
Does 6 divide 171651037?
False
Is 89 a factor of 2630217?
True
Is 12 a factor of 588462787?
False
Is 238927111 a multiple of 107?
False
Does 13 divide 25693993?
True
Is 495088 a multiple of 8?
True
Does 11 divide 54177057?
True
Is 28 a factor of 10281296?
False
Does 1551 divide 1904725035?
False
Does 22 divide 549472594?
True
Is 932 a factor of 4191738968?
True
Does 13 divide 5565881?
False
Is 422 a factor of 546589592?
True
Is 280 a factor of 25271120?
True
Does 38 divide 198103317?
False
Does 42 divide 902903367?
False
Is 183911460 a multiple of 2239?
True
Is 13 a factor of 93706847?
True
Does 519 divide 197243874?
True
Is 18836414 a multiple of 96?
False
Does 5328 divide 1037970947?
False
Is 1340338530 a multiple of 87?
True
Is 12 a factor of 126240516?
True
Is 53 a factor of 302815440?
False
Is 80302387 a multiple of 235?
False
Does 25 divide 79138825?
True
Is 44 a factor of 1297115864?
True
Does 18 divide 61262767?
False
Is 15 a factor of 11647204?
False
Is 11824603 a multiple of 2?
False
Is 377898627 a multiple of 51?
True
Does 1499 divide 44228724?
False
Is 28560819 a multiple of 31?
False
Does 525 divide 3449849970?
False
Does 48 divide 547646?
False
Does 43 divide 263252794?
True
Is 5139162 a multiple of 62?
False
Is 78969517 a multiple of 2?
False
Does 40 divide 223965587?
False
Is 208280647 a multiple of 129?
False
Does 7 divide 1253835942?
False
Does 25 divide 537752675?
True
Does 1467 divide 3335670142?
False
Is 7360920 a multiple of 115?
True
Does 149 divide 9609755?
True
Does 20 divide 209888360?
True
Is 1718 a factor of 796744834?
True
Is 252913408 a multiple of 2432?
True
Is 704 a factor of 26652584?
False
Is 200437025 a multiple of 779?
False
Is 73856958 a multiple of 777?
True
Does 7664 divide 1798376068?
False
Is 69 a factor of 11486568?
True
Is 30130615 a multiple of 90?
False
Is 1713 a factor of 286702280?
False
Is 414 a factor of 2074554?
True
Is 318127115 a multiple of 66?
False
Is 110566630 a multiple of 157?
False
Is 1692 a factor of 63230040?
True
Is 113 a factor of 2146435?
True
Does 3579 divide 485863566?
True
Is 44 a factor of 21340660?
True
Is 1981384692 a multiple of 12?
True
Is 239 a factor of 30010392?
False
Does 3477 divide 49031255?
False
Does 3052 divide 98527716?
True
Is 379726224 a multiple of 3606?
True
Does 5 divide 888621927?
False
Does 701 divide 100004643?
False
Is 10 a factor of 26300660?
True
Is 412558176 a multiple of 2208?
True
Is 170 a factor of 50392065?
False
Is 9629070 a multiple of 5?
True
Is 164 a factor of 427768580?
True
Is 9 a factor of 70763565?
False
Does 290 divide 39550200?
True
Is 449 a factor of 619263307?
False
Does 6 divide 26378780?
False
Is 5381369020 a multiple of 9396?
False
Does 8 divide 282782321?
False
Is 153 a factor of 72069579?
True
Does 616 divide 1639165904?
False
Does 2994 divide 660805740?
True
Is 434297770 a multiple of 710?
True
Is 387278590 a multiple of 235?
True
Is 57189540 a multiple of 22?
False
Does 157 divide 3628058653?
False
Is 7077237 a multiple of 387?
False
Is 42314580 a multiple of 198?
True
Is 2 a factor of 126636433?
False
Is 92825314 a multiple of 1065?
False
Does 238 divide 5683514?
False
Is 358664562 a multiple of 906?
True
Is 126536912 a multiple of 